{"id":4073,"date":"2013-09-23T10:28:30","date_gmt":"2013-09-23T08:28:30","guid":{"rendered":"http:\/\/sklephadron.pl\/blog\/?page_id=4073"},"modified":"2019-01-02T15:28:54","modified_gmt":"2019-01-02T14:28:54","slug":"polityka-prywatnosci-2","status":"publish","type":"page","link":"https:\/\/sklephadron.pl\/blog\/polityka-prywatnosci-2\/","title":{"rendered":"Polityka prywatno\u015bci i cookies"},"content":{"rendered":"<p>[vc_row][vc_column][vc_custom_heading text=&#8221;Polityka prywatno\u015bci Serwisu Hadron<br \/>https:\/\/sklephadron.pl\/blog<br \/>(\u201eSerwis\u201d)<br \/>\n&#8221; font_container=&#8221;tag:h4|text_align:center&#8221; google_fonts=&#8221;font_family:Roboto%3A100%2C100italic%2C300%2C300italic%2Cregular%2Citalic%2C500%2C500italic%2C700%2C700italic%2C900%2C900italic|font_style:500%20bold%20regular%3A500%3Anormal&#8221;][\/vc_column][\/vc_row][vc_row][vc_column][vc_column_text]<strong>Drogi U\u017cytkowniku!<br \/>\n<\/strong><br \/>\nDbamy o Twoj\u0105 prywatno\u015b\u0107 i chcemy, aby\u015b w czasie korzystania z naszych us\u0142ug czu\u0142 si\u0119 komfortowo. Dlatego te\u017c poni\u017cej prezentujemy Ci najwa\u017cniejsze informacje o zasadach przetwarzania przez nas Twoich danych osobowych oraz plikach cookies, kt\u00f3re s\u0105 wykorzystywane przez nasz Serwis. Informacje te zosta\u0142y przygotowane z uwzgl\u0119dnieniem RODO, czyli og\u00f3lnego rozporz\u0105dzenia o ochronie danych.<strong><br \/>\n<\/strong>[\/vc_column_text][\/vc_column][\/vc_row][vc_row][vc_column][vc_column_text]<strong>Administrator danych osobowych<\/strong><\/p>\n<p><strong>Pawe\u0142 \u015alubowski<\/strong>, prowadz\u0105cy dzia\u0142alno\u015b\u0107 gospodarcz\u0105 pod firm\u0105 <strong>HADRON PAWE\u0141 \u015aLUBOWSKI<\/strong>, wpisany do Centralnej Ewidencji i Informacji o Dzia\u0142alno\u015bci Gospodarczej, prowadzonej przez Ministra Przedsi\u0119biorczo\u015bci i Technologii.<\/p>\n<p>Adres miejsca wykonywania dzia\u0142alno\u015bci oraz adres do dor\u0119cze\u0144:<\/p>\n<p>Zygmunta Krasi\u0144skiego, nr 59, lok. 74<br \/>\n01-755 Warszawa<br \/>\nNIP: 1180379070<br \/>\nREGON: 011968500[\/vc_column_text][vc_column_text]<strong>Dane osobowe i prywatno\u015b\u0107<\/strong><\/p>\n<p>Je\u015bli zamierzasz korzysta\u0107 z naszych us\u0142ug, zostaniesz poproszony o podanie nam Twoich danych osobowych.<br \/>\nTwoje dane przetwarzane s\u0105 przez nas we wskazanych poni\u017cej celach, zwi\u0105zanych z funkcjonowaniem Serwisu i \u015bwiadczeniem us\u0142ug w nim oferowanych.<\/p>\n<p><strong>Cel przetwarzania:<\/strong><\/p>\n<p>\u015bwiadczenie us\u0142ug oferowanych w Serwisie<\/p>\n<p><strong>Podstawa przetwarzania danych:<\/strong><\/p>\n<ul>\n<li>umowa o \u015bwiadczenie us\u0142ug lub dzia\u0142ania podejmowane na Twoje \u017c\u0105danie, zmierzaj\u0105ce do jej zawarcia (art. 6 ust. 1 lit. b RODO)<\/li>\n<li>Twoja zgoda wyra\u017cona w Serwisie \u2013 je\u015bli zdecydujesz si\u0119 na jej wyra\u017cenie (art. 6 ust. 1 lit. a RODO),<\/li>\n<li>nasz prawnie uzasadniony interes, polegaj\u0105cy na przetwarzaniu danych w celu ustalenia, dochodzenia lub obrony roszcze\u0144 (art. 6 ust. 1 lit. f RODO)<\/li>\n<li>nasz prawnie uzasadniony interes (art. 6 ust. 1 lit. f RODO) polegaj\u0105cy na:<br \/>\n&gt; przetwarzaniu danych w celach analitycznych i statystycznych<br \/>\n&gt; badaniu satysfakcji u\u017cytkownik\u00f3w<\/li>\n<\/ul>\n<p>&nbsp;<\/p>\n<p><strong>Podanie danych:<\/strong><\/p>\n<ul>\n<li>dobrowolne, ale w niekt\u00f3rych przypadkach mo\u017ce by\u0107 konieczne do zawarcia umowy<\/li>\n<\/ul>\n<p><strong>Skutek niepodania danych:<\/strong><\/p>\n<ul>\n<li>brak mo\u017cliwo\u015bci korzystania z cz\u0119\u015bci us\u0142ug Serwisu<\/li>\n<\/ul>\n<p><strong><br \/>\nMo\u017cliwo\u015b\u0107 cofni\u0119cia zgody: <\/strong><\/p>\n<ul>\n<li>w ka\u017cdej chwili<\/li>\n<\/ul>\n<p>Przetwarzanie danych do momentu cofni\u0119cia przez Ciebie zgody pozostaje zgodne z prawem.<\/p>\n<p>&nbsp;[\/vc_column_text][vc_column_text]<strong>ZAMIESZCZANIE TRE\u015aCI W SERWISIE<\/strong><\/p>\n<p>Je\u015bli zdecydujesz si\u0119 zostawi\u0107 komentarz w Serwisie \u2013 jego tre\u015b\u0107 oraz Twoje imi\u0119 lub nick mog\u0105 zosta\u0107 opublikowane w Serwisie \u2013 b\u0119d\u0105 wi\u0119c widoczne dla innych u\u017cytkownik\u00f3w.[\/vc_column_text][vc_column_text]<strong>OKRES PRZETWARZANIA<\/strong><\/p>\n<p>Twoje dane b\u0119dziemy przetwarza\u0107 tylko przez okres, w kt\u00f3rym b\u0119dziemy mie\u0107 ku temu podstaw\u0119 prawn\u0105, a wi\u0119c do momentu, w kt\u00f3rym:<\/p>\n<ul>\n<li>ustanie mo\u017cliwo\u015b\u0107 dochodzenia ewentualnych roszcze\u0144 zwi\u0105zanych z umow\u0105 zawart\u0105 w Serwisie przez Strony lub<\/li>\n<li>cofniesz zgod\u0119 na przetwarzanie danych, je\u015bli to ona by\u0142a jego podstaw\u0105 lub<\/li>\n<li>zostanie przyj\u0119ty Tw\u00f3j sprzeciw wobec przetwarzania Twoich danych osobowych \u2013 w przypadku gdy podstaw\u0105 przetwarzania Twoich danych by\u0142 uzasadniony interes administratora<\/li>\n<\/ul>\n<p>&#8211; w zale\u017cno\u015bci od tego, co ma zastosowanie w danym przypadku i co nast\u0105pi najp\u00f3\u017aniej.[\/vc_column_text][vc_column_text]<strong>BEZPIECZE\u0143STWO DANYCH<\/strong><\/p>\n<p>Przetwarzaj\u0105c Twoje dane osobowe stosujemy \u015brodki organizacyjne i techniczne zgodne z w\u0142a\u015bciwymi przepisami prawa, w tym stosujemy szyfrowanie po\u0142\u0105czenia za pomoc\u0105 certyfikatu SSL.[\/vc_column_text][vc_column_text]<strong>TWOJE UPRAWNIENIA<\/strong><\/p>\n<p>Ponadto przys\u0142uguje Ci prawo \u017c\u0105dania:<\/p>\n<ul>\n<li>dost\u0119pu do Twoich danych osobowych,<\/li>\n<li>ich sprostowania,<\/li>\n<li>usuni\u0119cia,<\/li>\n<li>ograniczenia przetwarzania,<\/li>\n<li>\u017c\u0105dania przeniesienia danych do innego administratora.<\/li>\n<li>wniesienia w dowolnym momencie sprzeciwu wobec przetwarzania Twoich danych:\n<p>z przyczyn zwi\u0105zanych z Twoj\u0105 szczeg\u00f3ln\u0105 sytuacj\u0105 \u2013 wobec przetwarzania dotycz\u0105cych Ciebie danych osobowych, opartego na art. 6 ust. 1 lit. f RODO (tj. na prawnie uzasadnionych interesach realizowanych przez administratora).<\/li>\n<\/ul>\n<p>Skontaktuj si\u0119 z nami, je\u015bli chcesz skorzysta\u0107 ze swoich praw.<\/p>\n<p>Je\u015bli uznasz, \u017ce Twoje dane s\u0105 przetwarzane niezgodnie z prawem, mo\u017cesz z\u0142o\u017cy\u0107 skarg\u0119 do organu nadzorczego.<\/p>\n<p>&nbsp;[\/vc_column_text][vc_column_text]<strong>CIASTECZKA <\/strong><\/p>\n<p>Nasz Serwis, jak wi\u0119kszo\u015b\u0107 witryn internetowych, korzysta z tzw. plik\u00f3w cookies (ciasteczek). Pliki te:<\/p>\n<ul>\n<li>s\u0105 zapisywane w pami\u0119ci Twojego urz\u0105dzenia (komputera, telefonu, itd.);<\/li>\n<li>umo\u017cliwiaj\u0105 Ci, m.in., korzystanie ze wszystkich funkcji Serwisu;<\/li>\n<li>nie powoduj\u0105 zmian w ustawieniach Twojego urz\u0105dzenia.<\/li>\n<\/ul>\n<p>Korzystaj\u0105c z odpowiednich opcji Twojej przegl\u0105darki, w ka\u017cdej chwili mo\u017cesz:<\/p>\n<ul>\n<li>usun\u0105\u0107 pliki cookies,<\/li>\n<li>blokowa\u0107 wykorzystanie plik\u00f3w cookies w przysz\u0142o\u015bci.<\/li>\n<\/ul>\n<p>W tym Serwisie ciasteczka wykorzystywane s\u0105 w celu:<\/p>\n<ul>\n<li>zapami\u0119tywania informacji o Twojej sesji,<\/li>\n<li>statystycznych,<\/li>\n<li>udost\u0119pniania funkcji Serwisu.<\/li>\n<\/ul>\n<p>Aby dowiedzie\u0107 si\u0119, jak zarz\u0105dza\u0107 plikami cookies, w tym jak wy\u0142\u0105czy\u0107 ich obs\u0142ug\u0119 w Twojej przegl\u0105darce, mo\u017cesz skorzysta\u0107 z pliku pomocy Twojej przegl\u0105darki. Z informacjami na ten temat mo\u017cesz zapozna\u0107 si\u0119 wciskaj\u0105c klawisz F1 w przegl\u0105darce. Ponadto odpowiednie wskaz\u00f3wki znajdziesz na nast\u0119puj\u0105cych podstronach, w zale\u017cno\u015bci od przegl\u0105darki, kt\u00f3rej u\u017cywasz:<\/p>\n<ul>\n<li><a href=\"https:\/\/support.mozilla.org\/pl\/kb\/W%C5%82%C4%85czanie%20i%20wy%C5%82%C4%85czanie%20obs%C5%82ugi%20ciasteczek\">Firefox<\/a><\/li>\n<li><a href=\"https:\/\/support.google.com\/chrome\/answer\/95647?hl=plX\">Chrome<\/a><\/li>\n<li><a href=\"https:\/\/support.apple.com\/kb\/PH5042?locale=en_US\">Safari<\/a><\/li>\n<li><a href=\"http:\/\/windows.microsoft.com\/pl-pl\/windows-10\/edge-privacy-faq\">Internet Explorer \/ Microsoft Edge<\/a><\/li>\n<\/ul>\n<p>Je\u015bli nie wy\u0142\u0105czysz wykorzystywania plik\u00f3w cookies w ustawieniach przegl\u0105darki, oznacza to, \u017ce wyra\u017casz zgod\u0119 na ich wykorzystanie.<\/p>\n<p>Wi\u0119cej informacji o ciasteczkach znajdziesz w <u><a href=\"https:\/\/pl.wikipedia.org\/wiki\/HTTP_cookie\">Wikipedii<\/a><\/u>.[\/vc_column_text][vc_column_text]<strong>US\u0141UGI ZEWN\u0118TRZNE \/ ODBIORCY DANYCH<\/strong><\/p>\n<p>Korzystamy z us\u0142ug podmiot\u00f3w zewn\u0119trznych, kt\u00f3rym mog\u0105 by\u0107 przekazywane Twoje dane. Poni\u017cej znajduje si\u0119 lista mo\u017cliwych odbiorc\u00f3w Twoich danych:<\/p>\n<ul>\n<li><strong>hostingodawca<\/strong><\/li>\n<li><strong>podmiot u\u0142atwiaj\u0105cy optymalizacj\u0119 Serwisu *<\/strong><\/li>\n<li><strong>podmiot zapewniaj\u0105cy nam wsparcie techniczne<\/strong><\/li>\n<li><strong>odpowiednie organy publiczne \u2013 w sytuacji gdy b\u0119dzie to niezb\u0119dne<\/strong><\/li>\n<\/ul>\n<p><strong>\u00a0<\/strong><\/p>\n<p><strong>PRZEKAZYWANIE DANYCH OSOBOWYCH DO PA\u0143STW SPOZA UNII EUROPEJSKIEJ<\/strong><\/p>\n<p>* W zwi\u0105zku z powy\u017cszym, Twoje dane osobowe mog\u0105 by\u0107 przetwarzane r\u00f3wnie\u017c przez podmioty spoza Unii Europejskiej. W\u0142a\u015bciwy poziom ochrony Twoich danych, w tym poprzez stosowanie odpowiednich zabezpiecze\u0144, zapewnia uczestnictwo tych podmiot\u00f3w w Tarczy Prywatno\u015bci UE-USA, ustanowionej decyzj\u0105 wykonawcz\u0105 Komisji Europejskiej jako zbi\u00f3r zasad gwarantuj\u0105cych odpowiedni\u0105 ochron\u0119 Twojej prywatno\u015bci.<\/p>\n<p><strong>KONTAKT Z ADMINISTRATOREM <\/strong><\/p>\n<p>Chcesz skorzysta\u0107 ze swoich uprawnie\u0144 dotycz\u0105cych danych osobowych?<\/p>\n<p>A mo\u017ce po prostu chcesz zapyta\u0107 o co\u015b zwi\u0105zanego z nasz\u0105 Polityk\u0105 Prywatno\u015bci?<\/p>\n<p>Napisz na adres e-mail: pawel@hadron.pl[\/vc_column_text][\/vc_column][\/vc_row]<\/p>\n","protected":false},"excerpt":{"rendered":"<p>[vc_row][vc_column][vc_custom_heading text=&#8221;Polityka prywatno\u015bci Serwisu Hadronhttps:\/\/sklephadron.pl\/blog(\u201eSerwis\u201d) &#8221; font_container=&#8221;tag:h4|text_align:center&#8221; google_fonts=&#8221;font_family:Roboto%3A100%2C100italic%2C300%2C300italic%2Cregular%2Citalic%2C500%2C500italic%2C700%2C700italic%2C900%2C900italic|font_style:500%20bold%20regular%3A500%3Anormal&#8221;][\/vc_column][\/vc_row][vc_row][vc_column][vc_column_text]Drogi U\u017cytkowniku! Dbamy o Twoj\u0105 prywatno\u015b\u0107 i chcemy, aby\u015b w czasie korzystania z naszych us\u0142ug czu\u0142 si\u0119 komfortowo. Dlatego te\u017c poni\u017cej prezentujemy Ci najwa\u017cniejsze informacje o zasadach przetwarzania przez nas Twoich danych osobowych oraz plikach cookies, kt\u00f3re s\u0105 wykorzystywane przez nasz Serwis. Informacje te zosta\u0142y przygotowane z uwzgl\u0119dnieniem [&hellip;]<\/p>\n","protected":false},"author":2,"featured_media":0,"parent":0,"menu_order":37,"comment_status":"closed","ping_status":"closed","template":"","meta":{"footnotes":""},"class_list":["post-4073","page","type-page","status-publish","hentry"],"_links":{"self":[{"href":"https:\/\/sklephadron.pl\/blog\/wp-json\/wp\/v2\/pages\/4073","targetHints":{"allow":["GET"]}}],"collection":[{"href":"https:\/\/sklephadron.pl\/blog\/wp-json\/wp\/v2\/pages"}],"about":[{"href":"https:\/\/sklephadron.pl\/blog\/wp-json\/wp\/v2\/types\/page"}],"author":[{"embeddable":true,"href":"https:\/\/sklephadron.pl\/blog\/wp-json\/wp\/v2\/users\/2"}],"replies":[{"embeddable":true,"href":"https:\/\/sklephadron.pl\/blog\/wp-json\/wp\/v2\/comments?post=4073"}],"version-history":[{"count":2,"href":"https:\/\/sklephadron.pl\/blog\/wp-json\/wp\/v2\/pages\/4073\/revisions"}],"predecessor-version":[{"id":24796,"href":"https:\/\/sklephadron.pl\/blog\/wp-json\/wp\/v2\/pages\/4073\/revisions\/24796"}],"wp:attachment":[{"href":"https:\/\/sklephadron.pl\/blog\/wp-json\/wp\/v2\/media?parent=4073"}],"curies":[{"name":"wp","href":"https:\/\/api.w.org\/{rel}","templated":true}]}}